{"id":1150,"date":"2024-05-15T21:49:02","date_gmt":"2024-05-15T19:49:02","guid":{"rendered":"https:\/\/archiy.fr\/?page_id=1150"},"modified":"2024-05-15T22:22:04","modified_gmt":"2024-05-15T20:22:04","slug":"preparation-de-la-consultation-des-entreprises-dce","status":"publish","type":"page","link":"https:\/\/archiy.fr\/index.php\/preparation-de-la-consultation-des-entreprises-dce\/","title":{"rendered":"Pr\u00e9paration de la Consultation des Entreprises (DCE)"},"content":{"rendered":"\n<h2 class=\"wp-block-heading\">Pr\u00e9paration de la Consultation des Entreprises (DCE) :<\/h2>\n\n\n\n<p><\/p>\n\n\n\n<p><strong>\u00c9laboration des dossiers de consultation des entreprises<\/strong> :<\/p>\n\n\n\n<ul>\n<li>Collecte des documents et des informations n\u00e9cessaires \u00e0 l&rsquo;\u00e9laboration des dossiers.<\/li>\n\n\n\n<li>R\u00e9daction des pi\u00e8ces administratives telles que les lettres de consultation, les instructions aux soumissionnaires et les conditions g\u00e9n\u00e9rales de consultation.<\/li>\n\n\n\n<li>Pr\u00e9paration des documents techniques comprenant les sp\u00e9cifications techniques et les plans d\u00e9taill\u00e9s.<\/li>\n<\/ul>\n\n\n\n<p><strong>Aide \u00e0 la constitution des cahiers des charges techniques<\/strong> :<\/p>\n\n\n\n<ul>\n<li>Analyse des besoins du projet en termes de mat\u00e9riaux, de normes de construction et de r\u00e9glementations en vigueur.<\/li>\n\n\n\n<li>R\u00e9daction des sp\u00e9cifications techniques d\u00e9taill\u00e9es, incluant les crit\u00e8res de qualit\u00e9 et les exigences particuli\u00e8res du projet.<\/li>\n\n\n\n<li>Identification des crit\u00e8res d&rsquo;\u00e9valuation des offres pour garantir la conformit\u00e9 et la qualit\u00e9 des prestations.<\/li>\n<\/ul>\n\n\n\n<p><strong>Assistance dans la s\u00e9lection des entreprises<\/strong> :<\/p>\n\n\n\n<ul>\n<li>\u00c9valuation des crit\u00e8res de s\u00e9lection des entreprises en fonction de leur exp\u00e9rience, de leur capacit\u00e9 technique et de leur conformit\u00e9 aux exigences du projet.<\/li>\n\n\n\n<li>Pr\u00e9paration des documents de pr\u00e9-qualification pour restreindre le nombre de soumissionnaires aux entreprises qualifi\u00e9es.<\/li>\n\n\n\n<li>Analyse des offres re\u00e7ues et recommandations pour la s\u00e9lection des entreprises les plus adapt\u00e9es.<\/li>\n<\/ul>\n\n\n<style>.wp-block-kadence-spacer.kt-block-spacer-1150_df3604-8e .kt-block-spacer{height:60px;}.wp-block-kadence-spacer.kt-block-spacer-1150_df3604-8e .kt-divider{border-top-width:1px;height:1px;border-top-color:#eee;width:80%;border-top-style:solid;}<\/style>\n<div class=\"wp-block-kadence-spacer aligncenter kt-block-spacer-1150_df3604-8e\"><div class=\"kt-block-spacer kt-block-spacer-halign-center\"><hr class=\"kt-divider\"\/><\/div><\/div>\n\n\n<style>.wp-block-kadence-advancedbtn.kb-btns1150_fc8e35-37{gap:var(--global-kb-gap-xs, 0.5rem );justify-content:center;align-items:center;}.kt-btns1150_fc8e35-37 .kt-button{font-weight:normal;font-style:normal;}.kt-btns1150_fc8e35-37 .kt-btn-wrap-0{margin-right:5px;}.wp-block-kadence-advancedbtn.kt-btns1150_fc8e35-37 .kt-btn-wrap-0 .kt-button{color:#555555;border-color:#555555;}.wp-block-kadence-advancedbtn.kt-btns1150_fc8e35-37 .kt-btn-wrap-0 .kt-button:hover, .wp-block-kadence-advancedbtn.kt-btns1150_fc8e35-37 .kt-btn-wrap-0 .kt-button:focus{color:#ffffff;border-color:#444444;}.wp-block-kadence-advancedbtn.kt-btns1150_fc8e35-37 .kt-btn-wrap-0 .kt-button::before{display:none;}.wp-block-kadence-advancedbtn.kt-btns1150_fc8e35-37 .kt-btn-wrap-0 .kt-button:hover, .wp-block-kadence-advancedbtn.kt-btns1150_fc8e35-37 .kt-btn-wrap-0 .kt-button:focus{background:#444444;}<\/style>\n<div class=\"wp-block-kadence-advancedbtn kb-buttons-wrap kb-btns1150_fc8e35-37\"><style>.wp-block-kadence-advancedbtn .kb-btn1150_85ae8a-d2.kb-button, ul.menu .wp-block-kadence-advancedbtn .kb-btn1150_85ae8a-d2.kb-button{width:200px;}<\/style><span class=\"kb-button kt-button button kb-btn1150_85ae8a-d2 kt-btn-size-small kt-btn-width-type-fixed kb-btn-global-fill kt-btn-has-text-true kt-btn-has-svg-false wp-block-kadence-singlebtn\"><span class=\"kt-btn-inner-text\"><strong>CONTACT<\/strong><\/span><\/span><\/div>\n\n\n\n<p><\/p>\n","protected":false},"excerpt":{"rendered":"<p>Pr\u00e9paration de la Consultation des Entreprises (DCE) : \u00c9laboration des dossiers de consultation des entreprises : Aide \u00e0 la constitution des cahiers des charges techniques : Assistance dans la s\u00e9lection des entreprises :<\/p>\n","protected":false},"author":1,"featured_media":0,"parent":0,"menu_order":0,"comment_status":"closed","ping_status":"closed","template":"","meta":{"_kad_post_transparent":"","_kad_post_title":"","_kad_post_layout":"","_kad_post_sidebar_id":"","_kad_post_content_style":"","_kad_post_vertical_padding":"","_kad_post_feature":"","_kad_post_feature_position":"","_kad_post_header":false,"_kad_post_footer":false,"footnotes":""},"yoast_head":"<!-- This site is optimized with the Yoast SEO plugin v22.7 - https:\/\/yoast.com\/wordpress\/plugins\/seo\/ -->\n<title>Pr\u00e9paration de la Consultation des Entreprises (DCE) - archiy.fr<\/title>\n<meta name=\"robots\" content=\"index, follow, max-snippet:-1, max-image-preview:large, max-video-preview:-1\" \/>\n<link rel=\"canonical\" href=\"https:\/\/archiy.fr\/index.php\/preparation-de-la-consultation-des-entreprises-dce\/\" \/>\n<meta property=\"og:locale\" content=\"fr_FR\" \/>\n<meta property=\"og:type\" content=\"article\" \/>\n<meta property=\"og:title\" content=\"Pr\u00e9paration de la Consultation des Entreprises (DCE) - archiy.fr\" \/>\n<meta property=\"og:description\" content=\"Pr\u00e9paration de la Consultation des Entreprises (DCE) : \u00c9laboration des dossiers de consultation des entreprises : Aide \u00e0 la constitution des cahiers des charges techniques : Assistance dans la s\u00e9lection des entreprises :\" \/>\n<meta property=\"og:url\" content=\"https:\/\/archiy.fr\/index.php\/preparation-de-la-consultation-des-entreprises-dce\/\" \/>\n<meta property=\"og:site_name\" content=\"archiy.fr\" \/>\n<meta property=\"article:publisher\" content=\"https:\/\/www.facebook.com\/atelier.archiy\" \/>\n<meta property=\"article:modified_time\" content=\"2024-05-15T20:22:04+00:00\" \/>\n<meta name=\"twitter:card\" content=\"summary_large_image\" \/>\n<meta name=\"twitter:label1\" content=\"Dur\u00e9e de lecture estim\u00e9e\" \/>\n\t<meta name=\"twitter:data1\" content=\"1 minute\" \/>\n<script type=\"application\/ld+json\" class=\"yoast-schema-graph\">{\"@context\":\"https:\/\/schema.org\",\"@graph\":[{\"@type\":\"WebPage\",\"@id\":\"https:\/\/archiy.fr\/index.php\/preparation-de-la-consultation-des-entreprises-dce\/\",\"url\":\"https:\/\/archiy.fr\/index.php\/preparation-de-la-consultation-des-entreprises-dce\/\",\"name\":\"Pr\u00e9paration de la Consultation des Entreprises (DCE) - archiy.fr\",\"isPartOf\":{\"@id\":\"https:\/\/archiy.fr\/#website\"},\"datePublished\":\"2024-05-15T19:49:02+00:00\",\"dateModified\":\"2024-05-15T20:22:04+00:00\",\"breadcrumb\":{\"@id\":\"https:\/\/archiy.fr\/index.php\/preparation-de-la-consultation-des-entreprises-dce\/#breadcrumb\"},\"inLanguage\":\"fr-FR\",\"potentialAction\":[{\"@type\":\"ReadAction\",\"target\":[\"https:\/\/archiy.fr\/index.php\/preparation-de-la-consultation-des-entreprises-dce\/\"]}]},{\"@type\":\"BreadcrumbList\",\"@id\":\"https:\/\/archiy.fr\/index.php\/preparation-de-la-consultation-des-entreprises-dce\/#breadcrumb\",\"itemListElement\":[{\"@type\":\"ListItem\",\"position\":1,\"name\":\"Accueil\",\"item\":\"https:\/\/archiy.fr\/\"},{\"@type\":\"ListItem\",\"position\":2,\"name\":\"Pr\u00e9paration de la Consultation des Entreprises (DCE)\"}]},{\"@type\":\"WebSite\",\"@id\":\"https:\/\/archiy.fr\/#website\",\"url\":\"https:\/\/archiy.fr\/\",\"name\":\"archiy.fr\",\"description\":\"Architecte d&#039;int\u00e9rieur, d\u00e9corateur, designer d&#039;int\u00e9rieurs\",\"publisher\":{\"@id\":\"https:\/\/archiy.fr\/#organization\"},\"potentialAction\":[{\"@type\":\"SearchAction\",\"target\":{\"@type\":\"EntryPoint\",\"urlTemplate\":\"https:\/\/archiy.fr\/?s={search_term_string}\"},\"query-input\":\"required name=search_term_string\"}],\"inLanguage\":\"fr-FR\"},{\"@type\":\"Organization\",\"@id\":\"https:\/\/archiy.fr\/#organization\",\"name\":\"Archiy\",\"url\":\"https:\/\/archiy.fr\/\",\"logo\":{\"@type\":\"ImageObject\",\"inLanguage\":\"fr-FR\",\"@id\":\"https:\/\/archiy.fr\/#\/schema\/logo\/image\/\",\"url\":\"https:\/\/archiy.fr\/wp-content\/uploads\/2024\/03\/cropped-Archiy-Logo-1.png\",\"contentUrl\":\"https:\/\/archiy.fr\/wp-content\/uploads\/2024\/03\/cropped-Archiy-Logo-1.png\",\"width\":2168,\"height\":868,\"caption\":\"Archiy\"},\"image\":{\"@id\":\"https:\/\/archiy.fr\/#\/schema\/logo\/image\/\"},\"sameAs\":[\"https:\/\/www.facebook.com\/atelier.archiy\"]}]}<\/script>\n<!-- \/ Yoast SEO plugin. -->","yoast_head_json":{"title":"Pr\u00e9paration de la Consultation des Entreprises (DCE) - archiy.fr","robots":{"index":"index","follow":"follow","max-snippet":"max-snippet:-1","max-image-preview":"max-image-preview:large","max-video-preview":"max-video-preview:-1"},"canonical":"https:\/\/archiy.fr\/index.php\/preparation-de-la-consultation-des-entreprises-dce\/","og_locale":"fr_FR","og_type":"article","og_title":"Pr\u00e9paration de la Consultation des Entreprises (DCE) - archiy.fr","og_description":"Pr\u00e9paration de la Consultation des Entreprises (DCE) : \u00c9laboration des dossiers de consultation des entreprises : Aide \u00e0 la constitution des cahiers des charges techniques : Assistance dans la s\u00e9lection des entreprises :","og_url":"https:\/\/archiy.fr\/index.php\/preparation-de-la-consultation-des-entreprises-dce\/","og_site_name":"archiy.fr","article_publisher":"https:\/\/www.facebook.com\/atelier.archiy","article_modified_time":"2024-05-15T20:22:04+00:00","twitter_card":"summary_large_image","twitter_misc":{"Dur\u00e9e de lecture estim\u00e9e":"1 minute"},"schema":{"@context":"https:\/\/schema.org","@graph":[{"@type":"WebPage","@id":"https:\/\/archiy.fr\/index.php\/preparation-de-la-consultation-des-entreprises-dce\/","url":"https:\/\/archiy.fr\/index.php\/preparation-de-la-consultation-des-entreprises-dce\/","name":"Pr\u00e9paration de la Consultation des Entreprises (DCE) - archiy.fr","isPartOf":{"@id":"https:\/\/archiy.fr\/#website"},"datePublished":"2024-05-15T19:49:02+00:00","dateModified":"2024-05-15T20:22:04+00:00","breadcrumb":{"@id":"https:\/\/archiy.fr\/index.php\/preparation-de-la-consultation-des-entreprises-dce\/#breadcrumb"},"inLanguage":"fr-FR","potentialAction":[{"@type":"ReadAction","target":["https:\/\/archiy.fr\/index.php\/preparation-de-la-consultation-des-entreprises-dce\/"]}]},{"@type":"BreadcrumbList","@id":"https:\/\/archiy.fr\/index.php\/preparation-de-la-consultation-des-entreprises-dce\/#breadcrumb","itemListElement":[{"@type":"ListItem","position":1,"name":"Accueil","item":"https:\/\/archiy.fr\/"},{"@type":"ListItem","position":2,"name":"Pr\u00e9paration de la Consultation des Entreprises (DCE)"}]},{"@type":"WebSite","@id":"https:\/\/archiy.fr\/#website","url":"https:\/\/archiy.fr\/","name":"archiy.fr","description":"Architecte d&#039;int\u00e9rieur, d\u00e9corateur, designer d&#039;int\u00e9rieurs","publisher":{"@id":"https:\/\/archiy.fr\/#organization"},"potentialAction":[{"@type":"SearchAction","target":{"@type":"EntryPoint","urlTemplate":"https:\/\/archiy.fr\/?s={search_term_string}"},"query-input":"required name=search_term_string"}],"inLanguage":"fr-FR"},{"@type":"Organization","@id":"https:\/\/archiy.fr\/#organization","name":"Archiy","url":"https:\/\/archiy.fr\/","logo":{"@type":"ImageObject","inLanguage":"fr-FR","@id":"https:\/\/archiy.fr\/#\/schema\/logo\/image\/","url":"https:\/\/archiy.fr\/wp-content\/uploads\/2024\/03\/cropped-Archiy-Logo-1.png","contentUrl":"https:\/\/archiy.fr\/wp-content\/uploads\/2024\/03\/cropped-Archiy-Logo-1.png","width":2168,"height":868,"caption":"Archiy"},"image":{"@id":"https:\/\/archiy.fr\/#\/schema\/logo\/image\/"},"sameAs":["https:\/\/www.facebook.com\/atelier.archiy"]}]}},"_links":{"self":[{"href":"https:\/\/archiy.fr\/index.php\/wp-json\/wp\/v2\/pages\/1150"}],"collection":[{"href":"https:\/\/archiy.fr\/index.php\/wp-json\/wp\/v2\/pages"}],"about":[{"href":"https:\/\/archiy.fr\/index.php\/wp-json\/wp\/v2\/types\/page"}],"author":[{"embeddable":true,"href":"https:\/\/archiy.fr\/index.php\/wp-json\/wp\/v2\/users\/1"}],"replies":[{"embeddable":true,"href":"https:\/\/archiy.fr\/index.php\/wp-json\/wp\/v2\/comments?post=1150"}],"version-history":[{"count":3,"href":"https:\/\/archiy.fr\/index.php\/wp-json\/wp\/v2\/pages\/1150\/revisions"}],"predecessor-version":[{"id":1191,"href":"https:\/\/archiy.fr\/index.php\/wp-json\/wp\/v2\/pages\/1150\/revisions\/1191"}],"wp:attachment":[{"href":"https:\/\/archiy.fr\/index.php\/wp-json\/wp\/v2\/media?parent=1150"}],"curies":[{"name":"wp","href":"https:\/\/api.w.org\/{rel}","templated":true}]}}