{"id":1239,"date":"2024-05-17T15:59:16","date_gmt":"2024-05-17T13:59:16","guid":{"rendered":"https:\/\/archiy.fr\/?page_id=1239"},"modified":"2024-05-21T15:34:27","modified_gmt":"2024-05-21T13:34:27","slug":"agents-immobiliers","status":"publish","type":"page","link":"https:\/\/archiy.fr\/index.php\/agents-immobiliers\/","title":{"rendered":"Agents Immobiliers"},"content":{"rendered":"\n<p>Ces services sont con\u00e7us pour vous accompagner, vous et vos clients \u00e0 chaque \u00e9tape, de l&rsquo;\u00e9valuation initiale \u00e0 la r\u00e9alisation finale des travaux, assurant ainsi une exp\u00e9rience compl\u00e8te et satisfaisante.<\/p>\n\n\n<style>.wp-block-kadence-spacer.kt-block-spacer-1239_2d0ae5-bb .kt-block-spacer{height:60px;}.wp-block-kadence-spacer.kt-block-spacer-1239_2d0ae5-bb .kt-divider{border-top-width:1px;height:1px;border-top-color:#eee;width:80%;border-top-style:solid;}<\/style>\n<div class=\"wp-block-kadence-spacer aligncenter kt-block-spacer-1239_2d0ae5-bb\"><div class=\"kt-block-spacer kt-block-spacer-halign-center\"><hr class=\"kt-divider\"\/><\/div><\/div>\n\n\n\n<p><strong>Relev\u00e9 de mesure et cr\u00e9ation de plans<\/strong> :<\/p>\n\n\n\n<p>Nous effectuons des relev\u00e9s d\u00e9taill\u00e9s pour produire des plans exacts, optimisant ainsi l&rsquo;espace et facilitant les am\u00e9nagements.<\/p>\n\n\n\n<p><\/p>\n\n\n<style>.wp-block-kadence-spacer.kt-block-spacer-1239_37ebc8-03 .kt-block-spacer{height:60px;}.wp-block-kadence-spacer.kt-block-spacer-1239_37ebc8-03 .kt-divider{border-top-width:1px;height:1px;border-top-color:#eee;width:80%;border-top-style:solid;}<\/style>\n<div class=\"wp-block-kadence-spacer aligncenter kt-block-spacer-1239_37ebc8-03\"><div class=\"kt-block-spacer kt-block-spacer-halign-center\"><hr class=\"kt-divider\"\/><\/div><\/div>\n\n\n\n<p><strong>Visite conseil<\/strong> :<\/p>\n\n\n\n<p>Nous \u00e9valuons le potentiel architectural de chaque propri\u00e9t\u00e9 et proposons des am\u00e9liorations pour en augmenter la valeur.<\/p>\n\n\n\n<p><\/p>\n\n\n<style>.wp-block-kadence-spacer.kt-block-spacer-1239_55aaf6-f6 .kt-block-spacer{height:60px;}.wp-block-kadence-spacer.kt-block-spacer-1239_55aaf6-f6 .kt-divider{border-top-width:1px;height:1px;border-top-color:#eee;width:80%;border-top-style:solid;}<\/style>\n<div class=\"wp-block-kadence-spacer aligncenter kt-block-spacer-1239_55aaf6-f6\"><div class=\"kt-block-spacer kt-block-spacer-halign-center\"><hr class=\"kt-divider\"\/><\/div><\/div>\n\n\n\n<p><strong>Compte rendu d\u00e9taill\u00e9<\/strong> :<\/p>\n\n\n\n<p>Apr\u00e8s chaque visite conseil, nous fournissons un rapport avec des recommandations sp\u00e9cifiques.<\/p>\n\n\n\n<p><\/p>\n\n\n<style>.wp-block-kadence-spacer.kt-block-spacer-1239_3ded1e-6e .kt-block-spacer{height:60px;}.wp-block-kadence-spacer.kt-block-spacer-1239_3ded1e-6e .kt-divider{border-top-width:1px;height:1px;border-top-color:#eee;width:80%;border-top-style:solid;}<\/style>\n<div class=\"wp-block-kadence-spacer aligncenter kt-block-spacer-1239_3ded1e-6e\"><div class=\"kt-block-spacer kt-block-spacer-halign-center\"><hr class=\"kt-divider\"\/><\/div><\/div>\n\n\n\n<p><strong>Propositions architecturales<\/strong> :<\/p>\n\n\n\n<p>Nous cr\u00e9ons plusieurs designs int\u00e9rieurs adapt\u00e9s aux besoins et pr\u00e9f\u00e9rences des clients.<\/p>\n\n\n\n<p><\/p>\n\n\n<style>.wp-block-kadence-spacer.kt-block-spacer-1239_98476a-37 .kt-block-spacer{height:60px;}.wp-block-kadence-spacer.kt-block-spacer-1239_98476a-37 .kt-divider{border-top-width:1px;height:1px;border-top-color:#eee;width:80%;border-top-style:solid;}<\/style>\n<div class=\"wp-block-kadence-spacer aligncenter kt-block-spacer-1239_98476a-37\"><div class=\"kt-block-spacer kt-block-spacer-halign-center\"><hr class=\"kt-divider\"\/><\/div><\/div>\n\n\n\n<p><strong>Accompagnement en visite client<\/strong> :<\/p>\n\n\n\n<p>Nous assistons lors des visites pour expliquer les propositions et r\u00e9pondre aux questions techniques.<\/p>\n\n\n\n<p><\/p>\n\n\n<style>.wp-block-kadence-spacer.kt-block-spacer-1239_f3a416-73 .kt-block-spacer{height:60px;}.wp-block-kadence-spacer.kt-block-spacer-1239_f3a416-73 .kt-divider{border-top-width:1px;height:1px;border-top-color:#eee;width:80%;border-top-style:solid;}<\/style>\n<div class=\"wp-block-kadence-spacer aligncenter kt-block-spacer-1239_f3a416-73\"><div class=\"kt-block-spacer kt-block-spacer-halign-center\"><hr class=\"kt-divider\"\/><\/div><\/div>\n\n\n\n<p><strong>Visuels 3D et plans projet\u00e9s<\/strong> :<\/p>\n\n\n\n<p>Nous r\u00e9alisons des rendus 3D r\u00e9alistes pour aider les clients \u00e0 se projeter dans leur futur int\u00e9rieur.<\/p>\n\n\n\n<p><\/p>\n\n\n<style>.wp-block-kadence-spacer.kt-block-spacer-1239_ff4fbd-84 .kt-block-spacer{height:60px;}.wp-block-kadence-spacer.kt-block-spacer-1239_ff4fbd-84 .kt-divider{border-top-width:1px;height:1px;border-top-color:#eee;width:80%;border-top-style:solid;}<\/style>\n<div class=\"wp-block-kadence-spacer aligncenter kt-block-spacer-1239_ff4fbd-84\"><div class=\"kt-block-spacer kt-block-spacer-halign-center\"><hr class=\"kt-divider\"\/><\/div><\/div>\n\n\n\n<p><strong>Chiffrage des travaux<\/strong> :<\/p>\n\n\n\n<p>&nbsp;Nous fournissons des estimations pr\u00e9cises des co\u00fbts pour une gestion budg\u00e9taire optimale.<\/p>\n\n\n\n<p><\/p>\n\n\n<style>.wp-block-kadence-spacer.kt-block-spacer-1239_4a487b-47 .kt-block-spacer{height:60px;}.wp-block-kadence-spacer.kt-block-spacer-1239_4a487b-47 .kt-divider{border-top-width:1px;height:1px;border-top-color:#eee;width:80%;border-top-style:solid;}<\/style>\n<div class=\"wp-block-kadence-spacer aligncenter kt-block-spacer-1239_4a487b-47\"><div class=\"kt-block-spacer kt-block-spacer-halign-center\"><hr class=\"kt-divider\"\/><\/div><\/div>\n\n\n\n<p><strong>Graphisme attrayant<\/strong> :<\/p>\n\n\n\n<p>Nous concevons des documents graphiques esth\u00e9tiques pour pr\u00e9senter vos projets.<\/p>\n\n\n\n<p><\/p>\n\n\n<style>.wp-block-kadence-spacer.kt-block-spacer-1239_be45ab-5e .kt-block-spacer{height:60px;}.wp-block-kadence-spacer.kt-block-spacer-1239_be45ab-5e .kt-divider{border-top-width:1px;height:1px;border-top-color:#eee;width:80%;border-top-style:solid;}<\/style>\n<div class=\"wp-block-kadence-spacer aligncenter kt-block-spacer-1239_be45ab-5e\"><div class=\"kt-block-spacer kt-block-spacer-halign-center\"><hr class=\"kt-divider\"\/><\/div><\/div>\n\n\n\n<p><strong>Gestion de projet post-vente<\/strong> :<\/p>\n\n\n\n<p>Une fois la vente effectu\u00e9e, nous offrons une gestion compl\u00e8te du projet architectural pour garantir une transition fluide et sans souci.<\/p>\n\n\n<style>.wp-block-kadence-spacer.kt-block-spacer-1239_ff3bbf-9b .kt-block-spacer{height:60px;}.wp-block-kadence-spacer.kt-block-spacer-1239_ff3bbf-9b .kt-divider{border-top-width:1px;height:1px;border-top-color:#eee;width:80%;border-top-style:solid;}<\/style>\n<div class=\"wp-block-kadence-spacer aligncenter kt-block-spacer-1239_ff3bbf-9b\"><div class=\"kt-block-spacer kt-block-spacer-halign-center\"><hr class=\"kt-divider\"\/><\/div><\/div>\n\n\n<style>.wp-block-kadence-advancedbtn.kb-btns1239_a944d5-5d{gap:var(--global-kb-gap-xs, 0.5rem );justify-content:center;align-items:center;}.kt-btns1239_a944d5-5d .kt-button{font-weight:normal;font-style:normal;}.kt-btns1239_a944d5-5d .kt-btn-wrap-0{margin-right:5px;}.wp-block-kadence-advancedbtn.kt-btns1239_a944d5-5d .kt-btn-wrap-0 .kt-button{color:#555555;border-color:#555555;}.wp-block-kadence-advancedbtn.kt-btns1239_a944d5-5d .kt-btn-wrap-0 .kt-button:hover, .wp-block-kadence-advancedbtn.kt-btns1239_a944d5-5d .kt-btn-wrap-0 .kt-button:focus{color:#ffffff;border-color:#444444;}.wp-block-kadence-advancedbtn.kt-btns1239_a944d5-5d .kt-btn-wrap-0 .kt-button::before{display:none;}.wp-block-kadence-advancedbtn.kt-btns1239_a944d5-5d .kt-btn-wrap-0 .kt-button:hover, .wp-block-kadence-advancedbtn.kt-btns1239_a944d5-5d .kt-btn-wrap-0 .kt-button:focus{background:#444444;}<\/style>\n<div class=\"wp-block-kadence-advancedbtn kb-buttons-wrap kb-btns1239_a944d5-5d\"><style>.wp-block-kadence-advancedbtn .kb-btn1239_4403f7-04.kb-button, ul.menu .wp-block-kadence-advancedbtn .kb-btn1239_4403f7-04.kb-button{width:300px;}<\/style><a class=\"kb-button kt-button button kb-btn1239_4403f7-04 kt-btn-size-small kt-btn-width-type-fixed kb-btn-global-fill kt-btn-has-text-true kt-btn-has-svg-false wp-block-kadence-singlebtn\" href=\"https:\/\/archiy.fr\/index.php\/contact\/\"><span class=\"kt-btn-inner-text\"><strong>CONTACT<\/strong><\/span><\/a><\/div>\n\n\n<style>.wp-block-kadence-spacer.kt-block-spacer-1239_42f128-e5 .kt-block-spacer{height:60px;}.wp-block-kadence-spacer.kt-block-spacer-1239_42f128-e5 .kt-divider{border-top-width:1px;height:1px;border-top-color:#eee;width:80%;border-top-style:solid;}<\/style>\n<div class=\"wp-block-kadence-spacer aligncenter kt-block-spacer-1239_42f128-e5\"><div class=\"kt-block-spacer kt-block-spacer-halign-center\"><hr class=\"kt-divider\"\/><\/div><\/div>\n","protected":false},"excerpt":{"rendered":"<p>Ces services sont con\u00e7us pour vous accompagner, vous et vos clients \u00e0 chaque \u00e9tape, de l&rsquo;\u00e9valuation initiale \u00e0 la r\u00e9alisation finale des travaux, assurant ainsi une exp\u00e9rience compl\u00e8te et satisfaisante. Relev\u00e9 de mesure et cr\u00e9ation de plans : Nous effectuons des relev\u00e9s d\u00e9taill\u00e9s pour produire des plans exacts, optimisant ainsi l&rsquo;espace et facilitant les am\u00e9nagements&#8230;.<\/p>\n","protected":false},"author":1,"featured_media":0,"parent":0,"menu_order":0,"comment_status":"closed","ping_status":"closed","template":"","meta":{"_kad_post_transparent":"","_kad_post_title":"","_kad_post_layout":"","_kad_post_sidebar_id":"","_kad_post_content_style":"","_kad_post_vertical_padding":"","_kad_post_feature":"","_kad_post_feature_position":"","_kad_post_header":false,"_kad_post_footer":false,"footnotes":""},"yoast_head":"<!-- This site is optimized with the Yoast SEO plugin v22.7 - https:\/\/yoast.com\/wordpress\/plugins\/seo\/ -->\n<title>Agents Immobiliers - archiy.fr<\/title>\n<meta name=\"robots\" content=\"index, follow, max-snippet:-1, max-image-preview:large, max-video-preview:-1\" \/>\n<link rel=\"canonical\" href=\"https:\/\/archiy.fr\/index.php\/agents-immobiliers\/\" \/>\n<meta property=\"og:locale\" content=\"fr_FR\" \/>\n<meta property=\"og:type\" content=\"article\" \/>\n<meta property=\"og:title\" content=\"Agents Immobiliers - archiy.fr\" \/>\n<meta property=\"og:description\" content=\"Ces services sont con\u00e7us pour vous accompagner, vous et vos clients \u00e0 chaque \u00e9tape, de l&rsquo;\u00e9valuation initiale \u00e0 la r\u00e9alisation finale des travaux, assurant ainsi une exp\u00e9rience compl\u00e8te et satisfaisante. Relev\u00e9 de mesure et cr\u00e9ation de plans : Nous effectuons des relev\u00e9s d\u00e9taill\u00e9s pour produire des plans exacts, optimisant ainsi l&rsquo;espace et facilitant les am\u00e9nagements....\" \/>\n<meta property=\"og:url\" content=\"https:\/\/archiy.fr\/index.php\/agents-immobiliers\/\" \/>\n<meta property=\"og:site_name\" content=\"archiy.fr\" \/>\n<meta property=\"article:publisher\" content=\"https:\/\/www.facebook.com\/atelier.archiy\" \/>\n<meta property=\"article:modified_time\" content=\"2024-05-21T13:34:27+00:00\" \/>\n<meta name=\"twitter:card\" content=\"summary_large_image\" \/>\n<meta name=\"twitter:label1\" content=\"Dur\u00e9e de lecture estim\u00e9e\" \/>\n\t<meta name=\"twitter:data1\" content=\"1 minute\" \/>\n<script type=\"application\/ld+json\" class=\"yoast-schema-graph\">{\"@context\":\"https:\/\/schema.org\",\"@graph\":[{\"@type\":\"WebPage\",\"@id\":\"https:\/\/archiy.fr\/index.php\/agents-immobiliers\/\",\"url\":\"https:\/\/archiy.fr\/index.php\/agents-immobiliers\/\",\"name\":\"Agents Immobiliers - archiy.fr\",\"isPartOf\":{\"@id\":\"https:\/\/archiy.fr\/#website\"},\"datePublished\":\"2024-05-17T13:59:16+00:00\",\"dateModified\":\"2024-05-21T13:34:27+00:00\",\"breadcrumb\":{\"@id\":\"https:\/\/archiy.fr\/index.php\/agents-immobiliers\/#breadcrumb\"},\"inLanguage\":\"fr-FR\",\"potentialAction\":[{\"@type\":\"ReadAction\",\"target\":[\"https:\/\/archiy.fr\/index.php\/agents-immobiliers\/\"]}]},{\"@type\":\"BreadcrumbList\",\"@id\":\"https:\/\/archiy.fr\/index.php\/agents-immobiliers\/#breadcrumb\",\"itemListElement\":[{\"@type\":\"ListItem\",\"position\":1,\"name\":\"Accueil\",\"item\":\"https:\/\/archiy.fr\/\"},{\"@type\":\"ListItem\",\"position\":2,\"name\":\"Agents Immobiliers\"}]},{\"@type\":\"WebSite\",\"@id\":\"https:\/\/archiy.fr\/#website\",\"url\":\"https:\/\/archiy.fr\/\",\"name\":\"archiy.fr\",\"description\":\"Architecte d&#039;int\u00e9rieur, d\u00e9corateur, designer d&#039;int\u00e9rieurs\",\"publisher\":{\"@id\":\"https:\/\/archiy.fr\/#organization\"},\"potentialAction\":[{\"@type\":\"SearchAction\",\"target\":{\"@type\":\"EntryPoint\",\"urlTemplate\":\"https:\/\/archiy.fr\/?s={search_term_string}\"},\"query-input\":\"required name=search_term_string\"}],\"inLanguage\":\"fr-FR\"},{\"@type\":\"Organization\",\"@id\":\"https:\/\/archiy.fr\/#organization\",\"name\":\"Archiy\",\"url\":\"https:\/\/archiy.fr\/\",\"logo\":{\"@type\":\"ImageObject\",\"inLanguage\":\"fr-FR\",\"@id\":\"https:\/\/archiy.fr\/#\/schema\/logo\/image\/\",\"url\":\"https:\/\/archiy.fr\/wp-content\/uploads\/2024\/03\/cropped-Archiy-Logo-1.png\",\"contentUrl\":\"https:\/\/archiy.fr\/wp-content\/uploads\/2024\/03\/cropped-Archiy-Logo-1.png\",\"width\":2168,\"height\":868,\"caption\":\"Archiy\"},\"image\":{\"@id\":\"https:\/\/archiy.fr\/#\/schema\/logo\/image\/\"},\"sameAs\":[\"https:\/\/www.facebook.com\/atelier.archiy\"]}]}<\/script>\n<!-- \/ Yoast SEO plugin. -->","yoast_head_json":{"title":"Agents Immobiliers - archiy.fr","robots":{"index":"index","follow":"follow","max-snippet":"max-snippet:-1","max-image-preview":"max-image-preview:large","max-video-preview":"max-video-preview:-1"},"canonical":"https:\/\/archiy.fr\/index.php\/agents-immobiliers\/","og_locale":"fr_FR","og_type":"article","og_title":"Agents Immobiliers - archiy.fr","og_description":"Ces services sont con\u00e7us pour vous accompagner, vous et vos clients \u00e0 chaque \u00e9tape, de l&rsquo;\u00e9valuation initiale \u00e0 la r\u00e9alisation finale des travaux, assurant ainsi une exp\u00e9rience compl\u00e8te et satisfaisante. Relev\u00e9 de mesure et cr\u00e9ation de plans : Nous effectuons des relev\u00e9s d\u00e9taill\u00e9s pour produire des plans exacts, optimisant ainsi l&rsquo;espace et facilitant les am\u00e9nagements....","og_url":"https:\/\/archiy.fr\/index.php\/agents-immobiliers\/","og_site_name":"archiy.fr","article_publisher":"https:\/\/www.facebook.com\/atelier.archiy","article_modified_time":"2024-05-21T13:34:27+00:00","twitter_card":"summary_large_image","twitter_misc":{"Dur\u00e9e de lecture estim\u00e9e":"1 minute"},"schema":{"@context":"https:\/\/schema.org","@graph":[{"@type":"WebPage","@id":"https:\/\/archiy.fr\/index.php\/agents-immobiliers\/","url":"https:\/\/archiy.fr\/index.php\/agents-immobiliers\/","name":"Agents Immobiliers - archiy.fr","isPartOf":{"@id":"https:\/\/archiy.fr\/#website"},"datePublished":"2024-05-17T13:59:16+00:00","dateModified":"2024-05-21T13:34:27+00:00","breadcrumb":{"@id":"https:\/\/archiy.fr\/index.php\/agents-immobiliers\/#breadcrumb"},"inLanguage":"fr-FR","potentialAction":[{"@type":"ReadAction","target":["https:\/\/archiy.fr\/index.php\/agents-immobiliers\/"]}]},{"@type":"BreadcrumbList","@id":"https:\/\/archiy.fr\/index.php\/agents-immobiliers\/#breadcrumb","itemListElement":[{"@type":"ListItem","position":1,"name":"Accueil","item":"https:\/\/archiy.fr\/"},{"@type":"ListItem","position":2,"name":"Agents Immobiliers"}]},{"@type":"WebSite","@id":"https:\/\/archiy.fr\/#website","url":"https:\/\/archiy.fr\/","name":"archiy.fr","description":"Architecte d&#039;int\u00e9rieur, d\u00e9corateur, designer d&#039;int\u00e9rieurs","publisher":{"@id":"https:\/\/archiy.fr\/#organization"},"potentialAction":[{"@type":"SearchAction","target":{"@type":"EntryPoint","urlTemplate":"https:\/\/archiy.fr\/?s={search_term_string}"},"query-input":"required name=search_term_string"}],"inLanguage":"fr-FR"},{"@type":"Organization","@id":"https:\/\/archiy.fr\/#organization","name":"Archiy","url":"https:\/\/archiy.fr\/","logo":{"@type":"ImageObject","inLanguage":"fr-FR","@id":"https:\/\/archiy.fr\/#\/schema\/logo\/image\/","url":"https:\/\/archiy.fr\/wp-content\/uploads\/2024\/03\/cropped-Archiy-Logo-1.png","contentUrl":"https:\/\/archiy.fr\/wp-content\/uploads\/2024\/03\/cropped-Archiy-Logo-1.png","width":2168,"height":868,"caption":"Archiy"},"image":{"@id":"https:\/\/archiy.fr\/#\/schema\/logo\/image\/"},"sameAs":["https:\/\/www.facebook.com\/atelier.archiy"]}]}},"_links":{"self":[{"href":"https:\/\/archiy.fr\/index.php\/wp-json\/wp\/v2\/pages\/1239"}],"collection":[{"href":"https:\/\/archiy.fr\/index.php\/wp-json\/wp\/v2\/pages"}],"about":[{"href":"https:\/\/archiy.fr\/index.php\/wp-json\/wp\/v2\/types\/page"}],"author":[{"embeddable":true,"href":"https:\/\/archiy.fr\/index.php\/wp-json\/wp\/v2\/users\/1"}],"replies":[{"embeddable":true,"href":"https:\/\/archiy.fr\/index.php\/wp-json\/wp\/v2\/comments?post=1239"}],"version-history":[{"count":5,"href":"https:\/\/archiy.fr\/index.php\/wp-json\/wp\/v2\/pages\/1239\/revisions"}],"predecessor-version":[{"id":1257,"href":"https:\/\/archiy.fr\/index.php\/wp-json\/wp\/v2\/pages\/1239\/revisions\/1257"}],"wp:attachment":[{"href":"https:\/\/archiy.fr\/index.php\/wp-json\/wp\/v2\/media?parent=1239"}],"curies":[{"name":"wp","href":"https:\/\/api.w.org\/{rel}","templated":true}]}}